15 - (10 + -14).
0
What is 9 - ((14 - -17) + -10)?
-12
Evaluate (-5 - -8) + (-36 - -56).
23
What is the value of -13 + 28 - (18 + 2)?
-5
What is 5 + -2 + 3 - (-17 + 25)?
-2
Calculate -14 - (3 + 4 + (-15 - (-9 + 0))).
-15
What is the value of 46 + -24 + -21 + -1 + 1?
1
0 - (6 + 1) - 24 - (-7 + 2)
-26
Evaluate 2 - (5 + -3) - (3 + 10 + -6).
-7
-6 + (-11 - -38 - (19 - 10))
12
Calculate -8 - ((-33 - -14) + 0 + 0).
11
What is -12 - 5 - (-10 + 2) - -25?
16
10 + (-3 - -6) + -13
0
What is 6 + -5 + (3 - -4)?
8
What is the value of (-6 - (10 - (3 - -3))) + 1 + -2?
-11
What is the value of 101 + -90 + 3 + -15?
-1
Evaluate 58 - -11 - 36 - 15.
18
Calculate -17 - (-25 + (-18 - (11 + -12))).
25
Evaluate -8 - (6 + -41) - 18.
9
What is (35 - 6) + -41 + 20 + 4 + 2?
14
Evaluate -4 + 5 + 0 - (17 - 10).
-6
What is 0 + (-4 - (-10 + 6)) + -2 + -3?
-5
Calculate 0 - 4 - (-14 + 0 - (-160 + 143)).
-7
What is 5 + -24 + 24 + (19 - -1) - 1?
24
Evaluate -15 - 0 - (99 - 106) - -16.
8
What is the value of 9 + -12 - (5 + (-4 - 0 - 3))?
-1
Evaluate (-6 + 15 - (18 - 12 - 9)) + -44.
-32
What is 0 + (11 - (22 + -12))?
1
98 - 83 - (4 - (-27 + 0))
-16
Calculate 1149 - 1141 - (2 - 12).
18
(-1 - -3) + -23 - (-8 + 9 + -9)
-13
What is -15 - (3 + -4 + -6 + (45 - 44))?
-9
3 + (1 - (14 + -3)) + (132 - 129)
-4
What is 35 - (0 + -10 + 5 - -12)?
28
Evaluate (3 - 2) + (5 - 2) + (-121 - -143).
26
What is the value of 3 + (7 - -4) + -7 + -5?
2
-16 + 1 + -933 + 941
-7
Calculate 22 - 2 - 16 - (0 - (2 - 0)).
6
What is 18 + -21 - -13 - 9?
1
What is -9 + 22 - (-1 - -5 - 1)?
10
Evaluate -114 - -110 - (1 - -9).
-14
What is the value of 7 + (3 - -6 - 27)?
-11
Calculate 6 + 19 + (11 - 37).
-1
Calculate 41 - (45 + -2 + 4).
-6
What is 33 - 1 - (23 + (12 - (-17 + 52)))?
32
Calculate 1 - 5 - ((-7 - -1) + (59 - 47)).
-10
What is 31 - (52 + -31 - -8)?
2
-11 + (0 - (3 + -5)) + (-92 - -90)
-11
What is -13 + 8 + 0 + 15?
10
(22 - -1) + (6 - 1) + (128 - 133)
23
Calculate -4 + 11 + (-22 - -12) - (-4 - 9).
10
41 - 1 - (-23 + 69 - 34)
28
Calculate 8 - (-11 - (-12 + 27 - 5 - 12)).
17
Evaluate 16 - (10 + 29 + -13).
-10
Calculate 1 - 9 - (1 + -9) - 2.
-2
Calculate -2 + -10 - (-233 + 217).
4
What is (4 - 6) + 1 - (-13 - (-12 + 7))?
7
What is the value of -4 - (1 - (21 + (6 - 12))) - 47?
-37
(7 - (0 + -28 - -18)) + -54
-37
Calculate -10 - (-27 + (13 - -4)).
0
What is 20 + 22 - (25 - -1)?
16
Evaluate 3 + 1 + -6 + -8 + 4 - -2.
-4
-5 - (9 + -11 + (-3 + 0 - 8))
8
10 + (-5 - (3 + (-9 - 4) - -10))
5
-10 - ((-13 - -6) + -8)
5
What is 2 + (-1 - 0) + -12 + -2 + 2?
-11
Calculate -5 + (-15 + 7 - -9) + 29 - 6.
19
What is the value of 21 - (4 - (-7 + -5 + 7))?
12
(-13 + 30 - 11) + -16
-10
What is the value of -43 + 35 - (1 + -34 + 1)?
24
Calculate (6 - 6) + -2 + -10 - -2.
-10
2 - (1 - (-6 + 8)) - (9 + 3)
-9
What is 10 + 4 + -5 - (-14 + 25)?
-2
What is the value of 38 - (5 - 12 - -6 - (-3 + -8))?
28
(-38 + 38 - -30) + -11 + -2
17
What is -30 - (1 + -36) - -8?
13
-4 + (20 - 16 - (-1 - -3) - 1)
-3
Evaluate -9 - -2 - (-8 + -6 - -9).
-2
What is (14 - 30 - -8) + (-1 - 1)?
-10
What is the value of (11 - 0) + (10 + -3 - (5 - 1))?
14
Evaluate (2 - 3 - (10 - 14)) + 7 + 0.
10
-1 + 10 - (7 - 11 - -7)
6
-6 + 48 + -29 - 42
-29
What is 427 + -369 - (33 + 0)?
25
Calculate -19 + -11 + 14 + 27.
11
Calculate (7 - (8 - 4 - 2)) + 7.
12
(-11 - 0) + 17 - -8
14
(-15 + 19 - (-13 - -1)) + -9
7
Calculate 3 + -13 + (-33 - -45).
2
10 + 0 - ((706 - 689) + (0 - -9))
-16
Calculate -75 - (-82 - -2) - (1 - -42).
-38
Calculate -1 - (1 + 4 - (-7 + 46 - 17)).
16
What is the value of (-6 - -1) + -1 - (7 + -10 - -8)?
-11
What is -2 + -2 + 3 + (44 - 48)?
-5
What is the value of -1 - -2 - (-15 - -9 - 1)?
8
What is the value of -31 + ((-5 - -16) + -11 + 8 - -2)?
-21
Calculate 1 + 1 + 0 - (18 + -21).
5
Calculate -13 + (-16 - -42) - (4 + 30).
-21
What is the value of 1 + -7 + (-2 - (-1 + -1)) + 6?
0
Evaluate (-8 - (2 - 6 - -3)) + (-22 - -18).
-11
Evaluate 0 - 1 - (5 + -3 + 1).
-4
-14 - (6 - (4 + 13))
-3
Calculate -9 - ((-117 - -117) + 1 + -5 + -2).
-3
(7 - (0 + (-8 - -16))) + -9
-10
What is 5 - (16 - 24 - -5)?
8
Calculate 41 - (-43 - -45) - (2 - -15).
22
What is the value of (10 + (-5 - 4) - -4) + 8?
13
What is -4 + (6 - -15) + (-12 - -7)?
12
Evaluate -28 - (-38 + 17 + -39).
32
Evaluate 767 + -785 + (0 - -11).
-7
Evaluate 0 + (5 - (-7 - -4)) + -23.
-15
Calculate 22 - ((40 + -36 - (-2 - -12)) + 5).
23
Calculate 0 + 2 + 6 + (25 - 21 - 10).
2
What is the value of -32 + (-13 + -5 - -51)?
1
Calculate 2 + ((-1 - -2) + -3 - -11).
11
What is the value of -15 + 13 + 18 + -38?
-22
Calculate (-30 - -19) + 15 + -18 - -25.
11
What is the value of 20 + (1 - -3) + -4 + -3 + -3?
14
Calculate (120 - 127) + (3 - (-4 - -22)) + -3.
-25
Evaluate (5 - 9) + -3 + 35.
28
What is the value of 1235 + -1211 - ((1 - 1) + -13 + 5)?
32
Calculate -436 - -474 - (1 + 22).
15
What is -27 - -1 - (-52 - (-54 - 0))?
-28
Evaluate -10 - (-2 + (6 + -2 - 4) + -3).
-5
Calculate 4 + 0 + (-3 - 8) + 11.
4
Evaluate -9 - ((18 - 6) + (9 - (-1 + 18))).
-13
What is -2 - ((2 - -9 - 11) + -10 + 15)?
-7
What is the value of 24 - (-21 - (-30 + -22))?
-7
What is 2 + -6 + (-4 - 4) + 10?
-2
What is (-8 - (-14 + 8)) + -2 + 1?
-3
What is the value of (856 - 841) + 0 + -25?
-10
What is -32 + 59 - (16 + 1)?
10
-5 + (12 + (-2 - -4) - (9 - 4))
4
Evaluate (-50 - -44) + (4 + (6 - 3) - 1).
0
Evaluate 8 + 3 + (1 - 14) - 10.
-12
Calculate -30 + 9 + (-7 + 7 + -5 - -6).
-20
Evaluate 5 + (-6 - (0 - -18)).
-19
Calculate -10 + -1 + -30 + 50.
9
-14 - (33 - (-31 + 65))
-13
Calculate -11 + 10 + -5 - -4.
-2
Calculate 3 - 16 - (34 - 68).
21
What is the value of 2 + -6 + (2 - -5 - -3 - 3)?
3
(6 - 9) + 2 + 6 - 1
4
What is the value of (-7 + 4 - -3) + 0 + -1?
-1
What is the value of 0 + 8 + (-5 - (20 - 19))?
2
What is the value of 3 + 7 + -10 - 4?
-4
What is (3 - -1) + (-14 - 8) - (1 - 0)?
-19
What is 0 - (-7 + -7 - -13)?
1
What is 140 + -133 + 1 + -9?
-1
What is the value of 5 + (-5 - -3) + (29 - 38)?
-6
Calculate 3 - (-1 - 2) - (-2 - 2).
10
82 + -83 - (6 + (-3 - 2 - -18))
-20
Calculate -13 - ((4 - -2) + -31 + 21).
-9
Calculate 0 + -2 + 65 + -46 + -8.
9
What is -17 + 12 + -28 - -17?
-16
What is 5 + 9 + -8 - 10?
-4
Calculate 15 - (16 + -18 + 25).
-8
-8 + 11 + -16 - (-9 - 1)
-3
(-25 - 25 - -25) + 52
27
Calculate -8 + 18 + (2 - 18) + -12.
-18
What is the value of 19 - (4 - (8 + -11))?
12
What is (30 - 2) + 17 - 28?
17
What is the value of -19 + 9 - -9 - (2 + -1 - -1)?
-3
What is (-25 - -29) + -7 + -3?
-6
What is the value of -11 + 41 + (11 - 12) + -7?
22
What is the value of -1 - (0 - -1) - (19 - (-29 + 56))?
6
(10 - 4) + 10 - (6 - -8)
2
-16 - (-2 - ((1 - -8) + 29))
24
Calculate (40 - 51) + (-1 - 6) - -10.
-8
What is the value of -11 + (25 - (12 - 7)) + -13?
-4
Calculate (-7 + -2 - 14) + 13.
-10
Evaluate (-48 - -43 - ((1 - 4) + -10)) + 6.
14
Calculate 11 + (18 + -1 + -10 - 9) - 13.
-4
Evaluate 16 + (3 - 9) + 6.
16
What is the value of -11 + -1 + 1 + (-62 - -71)?
-2
What is 3 - 10 - ((-3 - -4) + (23 - -2))?
-33
What is the value of -20 + (22 - -1) + -19?
-16
What is -1 - (12 - (2 + 1)) - (-68 - -75)?
-17
Evaluate 9 + (21 - 20) - 20.
-10
-15 - ((-54 - -14) + 23)
2
Evaluate 0 + (-7 - (2 - 6)) + (0 - -10).
7
Evaluate 28 + -32 + -20 + 14 - (25 + 0).
-35
Evaluate -9 + 21 + -3 - (-6 + 2).
13
Calculate 39 + 0 + 534 + -549.
24
What is the value of (-11 - (9 + -4)) + 7?
-9
What is the value of -15 + (-20 + 17 + 16 - -12)?
10
Evaluate 6 + (-3 + -4 - -8) + -7.
0
What is the value of 1073 + -1036 + 0 + -15?
22
What is 18 - (3 + -18 + 27)?
6
22 - (38 + -23 + -6)
13
What is -20 + -1 + (-2 + 6 - 2)?
-19
Evaluate 4 + (-9 - -20) + -6 + 1.
10
What is the value of -11 + (-3 - -4) + (-4 - 2 - -11)?
-5
Evaluate (7 - (-31 - -47)) + 18 + 1.
10
Evaluate 14 + 4 + -12 - (6 - -4).
-4
Calculate 0 - (-8 + 1) - (8 - 2).
1
What is the value of (1 - -9) + -320 + 321?
11
1 - (-5 + (-1 - -2)) - (46 - 49)
8
0 + (-14 + 13 + 4 - -12)
15
Calculate 16 - (-3 + -9 + 10) - 5.
13
What is the value of -236 + 244 - (19 + 0)?
-11
What is 2 - (-24 + 29) - -8?
5
Calculate 0 - (2 + 1) - (11 + -14).
0
Evaluate 16 - (8 + (-19 - -5 - 4)).
26
What is the value of 51 + -55 + (1 - 1) + (24 - 20)?
0
Calculate 0 + 13 - (1556 + -1550).
7
What is -5 - (-19 - 10) - (10 + -7)?
21
Calculate 7 - (-6 + (5 - (-3 + 7 + 6))